{"id":16498,"date":"2024-01-22T16:26:18","date_gmt":"2024-01-22T16:26:18","guid":{"rendered":"https:\/\/hannacosmetica.com\/?post_type=product&#038;p=16498"},"modified":"2024-01-22T16:26:19","modified_gmt":"2024-01-22T16:26:19","slug":"pincel-fino-de-madera-pincel-de-dibujo-7mm","status":"publish","type":"product","link":"https:\/\/hannacosmetica.com\/fr\/tienda\/manicura\/pinceles\/pincel-fino-de-madera-pincel-de-dibujo-7mm\/","title":{"rendered":"Pincel fino de madera\/ Pincel de dibujo 7mm"},"content":{"rendered":"<ul class=\"a-unordered-list a-vertical a-spacing-mini\">\n<li class=\"a-spacing-mini\"><span class=\"a-list-item\">Material del producto: nuestro pincel de u\u00f1as est\u00e1 hecho de cerdas naturales , resistentes al removedor de esmalte de u\u00f1as. En comparaci\u00f3n con los cepillos tradicionales, el nuestro hecho con mango de madera, m\u00e1s cl\u00e1sicos y hermosos, y son elegantes y pr\u00e1cticos, que te sirven durante mucho tiempo.<\/span><\/li>\n<li class=\"a-spacing-mini\"><span class=\"a-list-item\">Dise\u00f1o elaborado: nuestro pincel de u\u00f1as tiene una tapa de protecci\u00f3n y un mango elaborado de\u00a0 madera de f\u00e1cil agarre.<\/span><\/li>\n<li class=\"a-spacing-mini\">M\u00faltiples Aplicaciones Creativas:\u3011 Este pincel de nail art es ideal para efectos de remolino, mezcla, relleno de colores y detalles finos. Desde la creaci\u00f3n de patrones como flores, estrellas, \u00e1rboles, animales hasta la aplicaci\u00f3n en bellas artes o modelos 3D.<\/li>\n<li>\u3010Cuidado y Durabilidad:\u3011 Limpia cada pincel con limpiador de u\u00f1as o mon\u00f3mero l\u00edquido despu\u00e9s de su uso para mantener su calidad. Seca y da forma a las cerdas con papel toalla, manteni\u00e9ndolos bien ventilados y alejados de la luz solar para prolongar su vida \u00fatil.<\/li>\n<\/ul>","protected":false},"excerpt":{"rendered":"<p>Material del producto: nuestro pincel de u\u00f1as est\u00e1 hecho de cerdas naturales , resistentes al removedor de esmalte de u\u00f1as. En comparaci\u00f3n&hellip;<\/p>","protected":false},"featured_media":16494,"comment_status":"open","ping_status":"closed","template":"","meta":[],"product_cat":[304,82,97,87],"product_tag":[],"yoast_head":"<!-- This site is optimized with the Yoast SEO plugin v19.9 - https:\/\/yoast.com\/wordpress\/plugins\/seo\/ -->\n<title>Pincel fino de madera\/ Pincel de dibujo 7mm - Hanna Cosm\u00e9tica<\/title>\n<meta name=\"robots\" content=\"index, follow, max-snippet:-1, max-image-preview:large, max-video-preview:-1\" \/>\n<link rel=\"canonical\" href=\"https:\/\/hannacosmetica.com\/fr\/tienda\/manicura\/pinceles\/pincel-fino-de-madera-pincel-de-dibujo-7mm\/\" \/>\n<meta property=\"og:locale\" content=\"fr_FR\" \/>\n<meta property=\"og:type\" content=\"article\" \/>\n<meta property=\"og:title\" content=\"Pincel fino de madera\/ Pincel de dibujo 7mm - Hanna Cosm\u00e9tica\" \/>\n<meta property=\"og:description\" content=\"Material del producto: nuestro pincel de u\u00f1as est\u00e1 hecho de cerdas naturales , resistentes al removedor de esmalte de u\u00f1as. En comparaci\u00f3n&hellip;\" \/>\n<meta property=\"og:url\" content=\"https:\/\/hannacosmetica.com\/fr\/tienda\/manicura\/pinceles\/pincel-fino-de-madera-pincel-de-dibujo-7mm\/\" \/>\n<meta property=\"og:site_name\" content=\"Hanna Cosm\u00e9tica\" \/>\n<meta property=\"article:modified_time\" content=\"2024-01-22T16:26:19+00:00\" \/>\n<meta property=\"og:image\" content=\"https:\/\/hannacosmetica.com\/wp-content\/uploads\/2024\/01\/180mm-480-x-460-px-382-x-336-px-18.png\" \/>\n\t<meta property=\"og:image:width\" content=\"382\" \/>\n\t<meta property=\"og:image:height\" content=\"336\" \/>\n\t<meta property=\"og:image:type\" content=\"image\/png\" \/>\n<meta name=\"twitter:card\" content=\"summary_large_image\" \/>\n<script type=\"application\/ld+json\" class=\"yoast-schema-graph\">{\"@context\":\"https:\/\/schema.org\",\"@graph\":[{\"@type\":\"WebPage\",\"@id\":\"https:\/\/hannacosmetica.com\/tienda\/manicura\/pinceles\/pincel-fino-de-madera-pincel-de-dibujo-7mm\/\",\"url\":\"https:\/\/hannacosmetica.com\/tienda\/manicura\/pinceles\/pincel-fino-de-madera-pincel-de-dibujo-7mm\/\",\"name\":\"Pincel fino de madera\/ Pincel de dibujo 7mm - Hanna Cosm\u00e9tica\",\"isPartOf\":{\"@id\":\"https:\/\/hannacosmetica.com\/#website\"},\"datePublished\":\"2024-01-22T16:26:18+00:00\",\"dateModified\":\"2024-01-22T16:26:19+00:00\",\"breadcrumb\":{\"@id\":\"https:\/\/hannacosmetica.com\/tienda\/manicura\/pinceles\/pincel-fino-de-madera-pincel-de-dibujo-7mm\/#breadcrumb\"},\"inLanguage\":\"fr-FR\",\"potentialAction\":[{\"@type\":\"ReadAction\",\"target\":[\"https:\/\/hannacosmetica.com\/tienda\/manicura\/pinceles\/pincel-fino-de-madera-pincel-de-dibujo-7mm\/\"]}]},{\"@type\":\"BreadcrumbList\",\"@id\":\"https:\/\/hannacosmetica.com\/tienda\/manicura\/pinceles\/pincel-fino-de-madera-pincel-de-dibujo-7mm\/#breadcrumb\",\"itemListElement\":[{\"@type\":\"ListItem\",\"position\":1,\"name\":\"Portada\",\"item\":\"https:\/\/hannacosmetica.com\/\"},{\"@type\":\"ListItem\",\"position\":2,\"name\":\"Tienda\",\"item\":\"https:\/\/hannacosmetica.com\/shop\/\"},{\"@type\":\"ListItem\",\"position\":3,\"name\":\"Pincel fino de madera\/ Pincel de dibujo 7mm\"}]},{\"@type\":\"WebSite\",\"@id\":\"https:\/\/hannacosmetica.com\/#website\",\"url\":\"https:\/\/hannacosmetica.com\/\",\"name\":\"Hanna Cosm\u00e9tica\",\"description\":\"Tienda de productos u\u00f1as, bellezas y peluquer\u00edas\",\"publisher\":{\"@id\":\"https:\/\/hannacosmetica.com\/#organization\"},\"potentialAction\":[{\"@type\":\"SearchAction\",\"target\":{\"@type\":\"EntryPoint\",\"urlTemplate\":\"https:\/\/hannacosmetica.com\/?s={search_term_string}\"},\"query-input\":\"required name=search_term_string\"}],\"inLanguage\":\"fr-FR\"},{\"@type\":\"Organization\",\"@id\":\"https:\/\/hannacosmetica.com\/#organization\",\"name\":\"Hanna Cosm\u00e9tica\",\"url\":\"https:\/\/hannacosmetica.com\/\",\"logo\":{\"@type\":\"ImageObject\",\"inLanguage\":\"fr-FR\",\"@id\":\"https:\/\/hannacosmetica.com\/#\/schema\/logo\/image\/\",\"url\":\"https:\/\/hannacosmetica.com\/wp-content\/uploads\/2022\/07\/Logo-Joyeria-Femenino-Floral-Negro.png\",\"contentUrl\":\"https:\/\/hannacosmetica.com\/wp-content\/uploads\/2022\/07\/Logo-Joyeria-Femenino-Floral-Negro.png\",\"width\":361,\"height\":126,\"caption\":\"Hanna Cosm\u00e9tica\"},\"image\":{\"@id\":\"https:\/\/hannacosmetica.com\/#\/schema\/logo\/image\/\"}}]}<\/script>\n<!-- \/ Yoast SEO plugin. -->","yoast_head_json":{"title":"Pincel fino de madera\/ Pincel de dibujo 7mm - Hanna Cosm\u00e9tica","robots":{"index":"index","follow":"follow","max-snippet":"max-snippet:-1","max-image-preview":"max-image-preview:large","max-video-preview":"max-video-preview:-1"},"canonical":"https:\/\/hannacosmetica.com\/fr\/tienda\/manicura\/pinceles\/pincel-fino-de-madera-pincel-de-dibujo-7mm\/","og_locale":"fr_FR","og_type":"article","og_title":"Pincel fino de madera\/ Pincel de dibujo 7mm - Hanna Cosm\u00e9tica","og_description":"Material del producto: nuestro pincel de u\u00f1as est\u00e1 hecho de cerdas naturales , resistentes al removedor de esmalte de u\u00f1as. En comparaci\u00f3n&hellip;","og_url":"https:\/\/hannacosmetica.com\/fr\/tienda\/manicura\/pinceles\/pincel-fino-de-madera-pincel-de-dibujo-7mm\/","og_site_name":"Hanna Cosm\u00e9tica","article_modified_time":"2024-01-22T16:26:19+00:00","og_image":[{"width":382,"height":336,"url":"https:\/\/hannacosmetica.com\/wp-content\/uploads\/2024\/01\/180mm-480-x-460-px-382-x-336-px-18.png","type":"image\/png"}],"twitter_card":"summary_large_image","schema":{"@context":"https:\/\/schema.org","@graph":[{"@type":"WebPage","@id":"https:\/\/hannacosmetica.com\/tienda\/manicura\/pinceles\/pincel-fino-de-madera-pincel-de-dibujo-7mm\/","url":"https:\/\/hannacosmetica.com\/tienda\/manicura\/pinceles\/pincel-fino-de-madera-pincel-de-dibujo-7mm\/","name":"Pincel fino de madera\/ Pincel de dibujo 7mm - Hanna Cosm\u00e9tica","isPartOf":{"@id":"https:\/\/hannacosmetica.com\/#website"},"datePublished":"2024-01-22T16:26:18+00:00","dateModified":"2024-01-22T16:26:19+00:00","breadcrumb":{"@id":"https:\/\/hannacosmetica.com\/tienda\/manicura\/pinceles\/pincel-fino-de-madera-pincel-de-dibujo-7mm\/#breadcrumb"},"inLanguage":"fr-FR","potentialAction":[{"@type":"ReadAction","target":["https:\/\/hannacosmetica.com\/tienda\/manicura\/pinceles\/pincel-fino-de-madera-pincel-de-dibujo-7mm\/"]}]},{"@type":"BreadcrumbList","@id":"https:\/\/hannacosmetica.com\/tienda\/manicura\/pinceles\/pincel-fino-de-madera-pincel-de-dibujo-7mm\/#breadcrumb","itemListElement":[{"@type":"ListItem","position":1,"name":"Portada","item":"https:\/\/hannacosmetica.com\/"},{"@type":"ListItem","position":2,"name":"Tienda","item":"https:\/\/hannacosmetica.com\/shop\/"},{"@type":"ListItem","position":3,"name":"Pincel fino de madera\/ Pincel de dibujo 7mm"}]},{"@type":"WebSite","@id":"https:\/\/hannacosmetica.com\/#website","url":"https:\/\/hannacosmetica.com\/","name":"Hanna Cosm\u00e9tica","description":"Tienda de productos u\u00f1as, bellezas y peluquer\u00edas","publisher":{"@id":"https:\/\/hannacosmetica.com\/#organization"},"potentialAction":[{"@type":"SearchAction","target":{"@type":"EntryPoint","urlTemplate":"https:\/\/hannacosmetica.com\/?s={search_term_string}"},"query-input":"required name=search_term_string"}],"inLanguage":"fr-FR"},{"@type":"Organization","@id":"https:\/\/hannacosmetica.com\/#organization","name":"Hanna Cosm\u00e9tica","url":"https:\/\/hannacosmetica.com\/","logo":{"@type":"ImageObject","inLanguage":"fr-FR","@id":"https:\/\/hannacosmetica.com\/#\/schema\/logo\/image\/","url":"https:\/\/hannacosmetica.com\/wp-content\/uploads\/2022\/07\/Logo-Joyeria-Femenino-Floral-Negro.png","contentUrl":"https:\/\/hannacosmetica.com\/wp-content\/uploads\/2022\/07\/Logo-Joyeria-Femenino-Floral-Negro.png","width":361,"height":126,"caption":"Hanna Cosm\u00e9tica"},"image":{"@id":"https:\/\/hannacosmetica.com\/#\/schema\/logo\/image\/"}}]}},"_links":{"self":[{"href":"https:\/\/hannacosmetica.com\/fr\/wp-json\/wp\/v2\/product\/16498"}],"collection":[{"href":"https:\/\/hannacosmetica.com\/fr\/wp-json\/wp\/v2\/product"}],"about":[{"href":"https:\/\/hannacosmetica.com\/fr\/wp-json\/wp\/v2\/types\/product"}],"replies":[{"embeddable":true,"href":"https:\/\/hannacosmetica.com\/fr\/wp-json\/wp\/v2\/comments?post=16498"}],"version-history":[{"count":1,"href":"https:\/\/hannacosmetica.com\/fr\/wp-json\/wp\/v2\/product\/16498\/revisions"}],"predecessor-version":[{"id":16499,"href":"https:\/\/hannacosmetica.com\/fr\/wp-json\/wp\/v2\/product\/16498\/revisions\/16499"}],"wp:featuredmedia":[{"embeddable":true,"href":"https:\/\/hannacosmetica.com\/fr\/wp-json\/wp\/v2\/media\/16494"}],"wp:attachment":[{"href":"https:\/\/hannacosmetica.com\/fr\/wp-json\/wp\/v2\/media?parent=16498"}],"wp:term":[{"taxonomy":"product_cat","embeddable":true,"href":"https:\/\/hannacosmetica.com\/fr\/wp-json\/wp\/v2\/product_cat?post=16498"},{"taxonomy":"product_tag","embeddable":true,"href":"https:\/\/hannacosmetica.com\/fr\/wp-json\/wp\/v2\/product_tag?post=16498"}],"curies":[{"name":"wp","href":"https:\/\/api.w.org\/{rel}","templated":true}]}}

<ul class="a-unordered-list a-vertical a-spacing-mini">
<li class="a-spacing-mini"><span class="a-list-item">Material del producto: nuestro pincel de uñas está hecho de cerdas naturales , resistentes al removedor de esmalte de uñas. En comparación con los cepillos tradicionales, el nuestro hecho con mango de madera, más clásicos y hermosos, y son elegantes y prácticos, que te sirven durante mucho tiempo.</span></li>
<li class="a-spacing-mini"><span class="a-list-item">Diseño elaborado: nuestro pincel de uñas tiene una tapa de protección y un mango elaborado de  madera de fácil agarre.</span></li>
<li class="a-spacing-mini">Múltiples Aplicaciones Creativas:】 Este pincel de nail art es ideal para efectos de remolino, mezcla, relleno de colores y detalles finos. Desde la creación de patrones como flores, estrellas, árboles, animales hasta la aplicación en bellas artes o modelos 3D.</li>
<li>【Cuidado y Durabilidad:】 Limpia cada pincel con limpiador de uñas o monómero líquido después de su uso para mantener su calidad. Seca y da forma a las cerdas con papel toalla, manteniéndolos bien ventilados y alejados de la luz solar para prolongar su vida útil.</li>
</ul>

<p>Material del producto: nuestro pincel de uñas está hecho de cerdas naturales , resistentes al removedor de esmalte de uñas. En comparación&hellip;</p>

<!-- This site is optimized with the Yoast SEO plugin v19.9 - https://yoast.com/wordpress/plugins/seo/ -->
<title>Pincel fino de madera/ Pincel de dibujo 7mm - Hanna Cosmética</title>
<meta name="robots" content="index, follow, max-snippet:-1, max-image-preview:large, max-video-preview:-1" />
<link rel="canonical" href="https://hannacosmetica.com/fr/tienda/manicura/pinceles/pincel-fino-de-madera-pincel-de-dibujo-7mm/" />
<meta property="og:locale" content="fr_FR" />
<meta property="og:type" content="article" />
<meta property="og:title" content="Pincel fino de madera/ Pincel de dibujo 7mm - Hanna Cosmética" />
<meta property="og:description" content="Material del producto: nuestro pincel de uñas está hecho de cerdas naturales , resistentes al removedor de esmalte de uñas. En comparación&hellip;" />
<meta property="og:url" content="https://hannacosmetica.com/fr/tienda/manicura/pinceles/pincel-fino-de-madera-pincel-de-dibujo-7mm/" />
<meta property="og:site_name" content="Hanna Cosmética" />
<meta property="article:modified_time" content="2024-01-22T16:26:19+00:00" />
<meta property="og:image" content="https://hannacosmetica.com/wp-content/uploads/2024/01/180mm-480-x-460-px-382-x-336-px-18.png" />
	<meta property="og:image:width" content="382" />
	<meta property="og:image:height" content="336" />
	<meta property="og:image:type" content="image/png" />
<meta name="twitter:card" content="summary_large_image" />
<script type="application/ld+json" class="yoast-schema-graph">{"@context":"https://schema.org","@graph":[{"@type":"WebPage","@id":"https://hannacosmetica.com/tienda/manicura/pinceles/pincel-fino-de-madera-pincel-de-dibujo-7mm/","url":"https://hannacosmetica.com/tienda/manicura/pinceles/pincel-fino-de-madera-pincel-de-dibujo-7mm/","name":"Pincel fino de madera/ Pincel de dibujo 7mm - Hanna Cosmética","isPartOf":{"@id":"https://hannacosmetica.com/#website"},"datePublished":"2024-01-22T16:26:18+00:00","dateModified":"2024-01-22T16:26:19+00:00","breadcrumb":{"@id":"https://hannacosmetica.com/tienda/manicura/pinceles/pincel-fino-de-madera-pincel-de-dibujo-7mm/#breadcrumb"},"inLanguage":"fr-FR","potentialAction":[{"@type":"ReadAction","target":["https://hannacosmetica.com/tienda/manicura/pinceles/pincel-fino-de-madera-pincel-de-dibujo-7mm/"]}]},{"@type":"BreadcrumbList","@id":"https://hannacosmetica.com/tienda/manicura/pinceles/pincel-fino-de-madera-pincel-de-dibujo-7mm/#breadcrumb","itemListElement":[{"@type":"ListItem","position":1,"name":"Portada","item":"https://hannacosmetica.com/"},{"@type":"ListItem","position":2,"name":"Tienda","item":"https://hannacosmetica.com/shop/"},{"@type":"ListItem","position":3,"name":"Pincel fino de madera/ Pincel de dibujo 7mm"}]},{"@type":"WebSite","@id":"https://hannacosmetica.com/#website","url":"https://hannacosmetica.com/","name":"Hanna Cosmética","description":"Tienda de productos uñas, bellezas y peluquerías","publisher":{"@id":"https://hannacosmetica.com/#organization"},"potentialAction":[{"@type":"SearchAction","target":{"@type":"EntryPoint","urlTemplate":"https://hannacosmetica.com/?s={search_term_string}"},"query-input":"required name=search_term_string"}],"inLanguage":"fr-FR"},{"@type":"Organization","@id":"https://hannacosmetica.com/#organization","name":"Hanna Cosmética","url":"https://hannacosmetica.com/","logo":{"@type":"ImageObject","inLanguage":"fr-FR","@id":"https://hannacosmetica.com/#/schema/logo/image/","url":"https://hannacosmetica.com/wp-content/uploads/2022/07/Logo-Joyeria-Femenino-Floral-Negro.png","contentUrl":"https://hannacosmetica.com/wp-content/uploads/2022/07/Logo-Joyeria-Femenino-Floral-Negro.png","width":361,"height":126,"caption":"Hanna Cosmética"},"image":{"@id":"https://hannacosmetica.com/#/schema/logo/image/"}}]}</script>
<!-- / Yoast SEO plugin. -->

Pincel fino de madera/ Pincel de dibujo 7mm - Hanna Cosmética

Material del producto: nuestro pincel de uñas está hecho de cerdas naturales , resistentes al removedor de esmalte de uñas. En comparación&hellip;

Hanna Cosmética

Tienda de productos uñas, bellezas y peluquerías
